nder when y is divided by k.
8
Suppose 138 - 54 = 4*j. Let v be ((-16)/(-10))/(2/20). Suppose -5*s = -v - 39. What is the remainder when j is divided by s?
10
Let h(z) = -z**3 + z**2 - z + 57. What is the remainder when h(0) is divided by 20?
17
Let y be (-27)/((-3 - -1)/(-2)). Let d = -13 - y. What is the remainder when 53 is divided by d?
11
Suppose -5*a = -13 - 22. Let u = -6 + 24. Calculate the remainder when u is divided by a.
4
Let g = 3 - 3. Suppose -4*s + 26 + 58 = g. Let y = -15 - -26. What is the remainder when s is divided by y?
10
Let d = 5 + -2. Calculate the remainder when 51 is divided by 16 + (-1 + 0)*d.
12
Let j(l) = 8*l**2 + 11*l + 9. Let f(z) = 4*z**2 + 5*z + 4. Let n(u) = 9*f(u) - 4*j(u). What is the remainder when 9 is divided by n(1)?
4
What is the remainder when 114/(-9)*-3*1 is divided by 21?
17
Let c = -5 - -6. Let v = 13 - 11. Calculate the remainder when v is divided by c.
0
Let q(z) = z**2 - 8*z - 14. Let m be q(6). Let h = 41 + m. Calculate the remainder when 27 is divided by h.
12
Suppose 0*w = -2*t + w + 46, -1 = -t - 5*w. Let s = -16 - -76. Suppose -5*k = n + 2*n - 28, 0 = -5*n + 5*k + s. What is the remainder when t is divided by n?
10
Let b be 4/14 + 66/14. Let t = 1 + 1. Suppose t*z + 13 = -5*q + 41, -5*z - 35 = -b*q. Calculate the remainder when 10 is divided by q.
4
Let b = 37 + -91. Let j = b + 92. Let d(x) = x + 21. Calculate the remainder when j is divided by d(-11).
8
Let c(d) be the third derivative of d**5/60 + d**4/24 - d**3/2 + 4*d**2. What is the remainder when c(-7) is divided by 10?
9
Calculate the remainder when ((-4)/12)/((-3)/126) is divided by 5.
4
Let v = -2 - -12. Suppose -2*y - 6 = -2*c, 5*y - 15 = -c - 4*c. Let a = v - y. What is the remainder when 29 is divided by a?
9
Let u = 113 + -64. What is the remainder when u is divided by 26?
23
Let r = 22 + -14. Calculate the remainder when 29 + 1/2*0 is divided by r.
5
Let i = -2 - -17. Let a(m) = 12*m - 4. Calculate the remainder when a(4) is divided by i.
14
Calculate the remainder when 58 is divided by ((-44)/(-10) + -4)*30.
10
Let w = 19 - -29. Suppose -s + 50 = s. What is the remainder when w is divided by s?
23
Suppose -20 = -8*b + 3*b. Suppose -b*v = -3*v - 5*d + 14, -5*v = -4*d - 14. Calculate the remainder when 15 is divided by v.
3
Suppose -1 = -3*o + 17. What is the remainder when ((-6)/(-4))/(6/68) is divided by o?
5
Calculate the remainder when 1956/18*12/8 is divided by 11.
9
Let h = 54 + -51. What is the remainder when 7 is divided by h?
1
Let v be (0 + (-1 - 0))*114. Calculate the remainder when ((-8)/12)/(2/v) is divided by 13.
12
Let r = 70 + 33. What is the remainder when r is divided by 31?
10
Let p = 39 + -25. Let s = -2 + p. What is the remainder when s is divided by 4?
0
Let x(n) = 3*n**2 - 1. Let a be x(-1). Let s = -6 + 13. Calculate the remainder when (0 + 13)*(-1 + a) is divided by s.
6
Calculate the remainder when 90 is divided by (-1)/(-2)*8/(-2) + 25.
21
Suppose 0 = -2*b + 2 + 20. What is the remainder when b is divided by 7?
4
Suppose 0 = 5*z - 5, z = -3*u + 32 + 71. Calculate the remainder when 100 is divided by u.
32
Suppose -5*j + 0*n + 3*n = -49, 34 = 4*j - 5*n. Calculate the remainder when j is divided by 6.
5
Let f be (-264)/(-40) - (16/10 + -1). Let v be (2/2 - 1) + -1. Let p = f + v. Calculate the remainder when 9 is divided by p.
4
Suppose -163 = -5*n + 2*y, -7*n + 2*n = -3*y - 167. Let j = n + -18. Let a(z) = z**3 - z**2 - 5*z - 3. What is the remainder when a(4) is divided by j?
12
Calculate the remainder when 0 - 1/(2/(-80)) is divided by 14.
12
Let d = -21 - -58. Calculate the remainder when d is divided by 8.
5
Let o(q) = -12*q**2 + q**2 - q**3 + 2*q**3 - 3. Let i be o(11). What is the remainder when 3 is divided by (-1*1)/(i/6)?
1
Let i(k) = 6*k + 11. Calculate the remainder when i(11) is divided by 39.
38
What is the remainder when 15 - 15/(-9)*3 is divided by 7?
6
Let z(g) = g**3 + 5*g**2 + 2*g - 2. Calculate the remainder when z(-3) is divided by 4.
2
Let o(f) = -3*f + 5. What is the remainder when o(-7) is divided by 14?
12
Let j(b) = 5*b - 5. Let c(o) = -5*o + 5. Let x(f) = 2*c(f) + 3*j(f). What is the remainder when 7 is divided by x(2)?
2
Suppose 5*d - 2*r - 25 = 4*d, -3*d = 3*r - 111. What is the remainder when d is divided by 4?
1
Let y(l) = 14*l**2 + 6*l - 6. Let a(w) = -13*w**2 - 5*w + 5. Let k(s) = -5*a(s) - 4*y(s). Calculate the remainder when 16 is divided by k(1).
7
Suppose -98 = -9*g + 8*g. Calculate the remainder when g is divided by 20.
18
Let s(u) = 2*u - 5. Let t(o) = -o + 1. Let c(f) = f**2 + 3*f - 1. Let y(i) = -c(i) + 5*t(i). Calculate the remainder when y(-7) is divided by s(5).
3
Suppose 7*t - 2*t - 275 = 0. Calculate the remainder when t is divided by 14.
13
Let n(o) = o**2 - 11*o - 19. What is the remainder when 65 is divided by n(14)?
19
Suppose b + 0*b - 4*r = 16, -4*r + 48 = 3*b. Let s = 2 + 15. Let a = s + -8. What is the remainder when b is divided by a?
7
Let q(b) = b**3 + 5*b**2 - 2*b - 3. Calculate the remainder when ((-13)/3)/((-2)/18) is divided by q(-4).
18
What is the remainder when 6/10 + 1368/20 is divided by 7?
6
Calculate the remainder when 25 is divided by (-10)/(-45) - (-122)/18.
4
Suppose 4*c + 2 - 6 = 4*w, -w = c - 7. Suppose -s + 0*i + 52 = c*i, 4*i = 8. Calculate the remainder when s is divided by 23.
21
Let k(m) = -m**2 + 6*m - 2. Suppose 0*o = -4*o + 20. Calculate the remainder when o is divided by k(5).
2
Let l(i) = 38*i - 1. Let d be l(1). Suppose 4*f + 12 = -2*h, 2*f + d = 3*h - 3*f. Suppose -3 - 17 = -h*s. Calculate the remainder when 13 is divided by s.
3
Let i be 1*0/3 + 2. Suppose 0 = i*z + z - 180. Suppose -4*q - z = -8*q. Calculate the remainder when 43 is divided by q.
13
Let f(p) = -p**3 + 7*p**2 - 4*p - 4. What is the remainder when f(5) is divided by 14?
12
Let v = -1 - -1. Suppose -w + v*w + 2*p = -37, -215 = -5*w - 5*p. Let z = w - 15. What is the remainder when z is divided by 14?
12
Suppose 0*x = -x + 7. Let l = -2 - -7. What is the remainder when x is divided by l?
2
Let u(f) = 7*f**2 + 6*f**2 - f**2 + 2*f**2. Let p be u(1). Let r = -9 + p. What is the remainder when r is divided by 3?
2
Suppose -2*h + 4 = 0, 0*h = -4*m - 2*h + 116. Calculate the remainder when 81 is divided by m.
25
Let a = 63 - 44. Calculate the remainder when (-2376)/(-56) + -6 + (-6)/14 is divided by a.
17
Let q = -8 + 6. Let c be (-1 - -3) + 3*1. What is the remainder when 2*c + (q - -2) is divided by 4?
2
Let v = 3 + 8. What is the remainder when 30 is divided by v?
8
Calculate the remainder when 45/2 - 1/(-2) is divided by 6.
5
Let d = 101 - 41. Calculate the remainder when d is divided by 21.
18
Suppose -693 = -4*m - 0*m - c, 3*m - 3*c - 501 = 0. Suppose 5*f + 2*y = m, -2*f + 2*y = -3 - 77. Calculate the remainder when f is divided by (2 - 1)/1 - -18.
17
Let i be (8 + -7)*(0 - -81). Let b = -55 + i. What is the remainder when b is divided by 9?
8
Let w be 122/4 - 1/(-2). Suppose -5*d - 24 = -2*q, -w = -q - 4*d + 7. Let i = q + -15. What is the remainder when 19 is divided by i?
5
Let r = 2 + -1. Let o(n) = 5*n - 44. What is the remainder when r is divided by o(9)?
0
Suppose 7 + 6 = 3*c - h, -2*h = 3*c - 19. Suppose -c*a + 179 = 5*t + 29, -5*a = 0. Suppose -145 = -5*w + t. What is the remainder when w is divided by 12?
11
Suppose -26 = -3*s - 2*z, -5*s = 5*z + 7 - 52. What is the remainder when 21 is divided by s?
5
Let k = 54 - 40. Let r(a) = a**3 + 7*a**2 + 6*a + 9. What is the remainder when k is divided by r(-6)?
5
Calculate the remainder when 91 is divided by (-228)/(-5) + 2/5*1.
45
Suppose v + 0 = 2*f + 1, -f - 5*v = -27. Let y(m) = -m - 5. What is the remainder when f is divided by y(-6)?
0
Let u(y) = -y**2 - 16*y + 22. What is the remainder when 7 is divided by u(-17)?
2
Let t be (-1)/(-3)*2*9. Let g = -4 + t. Calculate the remainder when 5 is divided by g.
1
Let r = 13 + -9. Calculate the remainder when (-958)/(-18) - r/18 is divided by 14.
11
Suppose 3*d + 2*y - 152 = 0, 0*y = 5*d - 5*y - 245. Suppose 85 = -2*c + 7*c. Calculate the remainder when d is divided by c.
16
Let l(g) = 6*g - 4. Let c(n) = 7*n - 3. Let b(r) = 5*c(r) - 4*l(r). What is the remainder when 23 is divided by b(1)?
11
Suppose 0 = 4*b - 5 - 19. Suppose -f - m = 1, f - 3*m - 2